*k - 50. Let x = p - -76. Is x a composite number?
True
Let o be (-49)/4 - 4/(-16). Let l be o/(-5) - (-2)/(-5). Suppose -82 = -l*b - 8. Is b a prime number?
True
Let z(a) = -a**3 - 11*a**2 + 16*a - 3. Is z(-13) a composite number?
False
Let k(x) = -x**2 + 5*x - 2. Let i be k(4). Suppose 2*b = 0, -i*q + 3*q - 67 = -4*b. Is q a composite number?
False
Suppose 0*a + 3*r - 3 = a, 0 = -4*a + 2*r + 8. Suppose -1492 = a*v - h, -2*h = 2 - 4. Let s = -240 - v. Is s a composite number?
False
Suppose 4*o - 2*b = -o + 20, -8 = -2*o - 2*b. Is (14/o)/((-8)/(-688)) a composite number?
True
Suppose 5*y + 1 + 2 = -4*v, -5*y + 9 = -2*v. Let a = v - 0. Let w(i) = -36*i**3 - i**2 - 2*i - 1. Is w(a) a composite number?
True
Let c = -14 + 5. Is 334/(12/c + 2) composite?
True
Let x be (-64)/(-36) - (-2)/9. Let h(c) = -c - x*c - 4*c - 7 + c**2. Is h(-5) composite?
False
Suppose 2 = -4*y + 5*y. Let x(n) = -9*n - y*n - 3 - 9*n. Is x(-2) a composite number?
False
Let s(r) = r**2 + r + 74. Let k(b) = b**2 - 5*b + 4. Let h be k(4). Suppose 2*u = -w - 2, -u - 1 = w - h. Is s(w) composite?
True
Suppose 0 = -r - 4*r - 20. Is ((-2)/6)/(r/1428) a composite number?
True
Let d = -144 + 253. Is d prime?
True
Let k = 3 + -2. Let m be k + -1 + 2/1. Suppose 0 = 4*b - m - 218. Is b prime?
False
Let q(i) = i. Let f(p) = p. Let k(n) = -24*n - 6. Let j(o) = -18*f(o) - k(o). Let r(c) = -j(c) - q(c). Is r(-7) prime?
True
Let f(v) = 5 + 0 + 5 + 0*v + v. Is f(-7) a composite number?
False
Let b be 1 + (6 - 2)*2. Suppose 2*k + k = b. Is (k - -28)*(-3)/(-1) a prime number?
False
Suppose -4*o + 418 = 158. Is o composite?
True
Suppose 0 = -4*s + 190 + 14. Is s a composite number?
True
Suppose u - 202 = -v - 0*v, -2*v + 409 = u. Is 5/(-15)*v*-1 composite?
True
Suppose -1 = -2*z + 3. Suppose -t + 115 = 2*y + z*y, 5*t - 641 = 2*y. Is t a prime number?
True
Let b(u) = -12*u**3 - 5*u**2 - 4*u + 2. Is b(-5) composite?
True
Let o(n) = -n**2 - 6*n + 4. Suppose -8*s - 25 = -3*s. Let h be o(s). Suppose 2*f - f = h. Is f prime?
False
Let w(t) = -11*t**2 - 2*t - 4. Let r(v) = 10*v**2 + 3*v + 4. Let x(f) = 6*r(f) + 5*w(f). Suppose 0*a = -2*a - 10. Is x(a) a prime number?
True
Let o(h) = -162*h + 7. Let a be o(-6). Suppose 0 = d - 2*b - 163, 5*d + 152 = 4*b + a. Is d a prime number?
True
Let u(p) = -p + 1. Let g be u(-6). Let j = g - 6. Is 73/2 - j/(-2) a composite number?
False
Suppose 582 = 4*s + 2*s. Is s a composite number?
False
Let g(y) = 64*y**3 - y**2. Let q be g(-1). Is 52/q + 478/10 a prime number?
True
Let q be (-202)/(-5) + 2/(-5). Let g be (18/12)/((-1)/18). Let c = g + q. Is c composite?
False
Let j(y) = 68*y**2 - 30*y - 3. Is j(-5) a prime number?
True
Let a(r) = -5*r**3 + 5*r**2 - 3*r + 2. Let f(q) = -6*q**3 + 5*q**2 - 3*q + 1. Let j(c) = 5*a(c) - 4*f(c). Let y = 16 + -12. Is j(y) composite?
True
Let r(m) = m**3 - 3*m**2 - 10*m + 1. Is r(7) prime?
True
Let f be 1 + 2 + (-5)/1. Let m(d) = -5*d**3 - d**2 - d - 1. Is m(f) a prime number?
True
Let q(c) = -9*c - 7. Let a(t) = -18*t - 15. Suppose -6 = -5*v - 31. Let o(l) = v*q(l) + 2*a(l). Is o(6) composite?
False
Is 1793/(-22)*4/(-2) prime?
True
Suppose -2 = k, 2*h = -0*h - k + 6. Suppose -h*x + 8 = -0*x. Is (-1*x)/((-4)/434) prime?
False
Let g(b) = -29*b**3 - 2*b**2 + b - 1. Is g(-4) prime?
False
Let l(p) = 23*p - 11. Is l(6) prime?
True
Let n be 2 - (-22 + 0/3). Let a = 43 - n. Is a a prime number?
True
Let d = -8 + 4. Let i be -4*((d - -2) + 1). Suppose 65 + 83 = i*t. Is t a prime number?
True
Suppose -4*p + x = -21, 9 = -3*p - p - 5*x. Let c be (-32)/(-14) + p/(-14). Is (-19)/(1 - 4/c) composite?
False
Let n(t) = -t**3 + 10*t**2 + 17*t - 2. Let y be n(13). Let a = 109 - y. Is a composite?
False
Let r be (-1)/((-1)/(-6)) + -1. Let b = r - -14. Suppose -74 = -5*h - v, 41 = 3*h - 3*v - b. Is h composite?
True
Suppose w - 100 = -4*w. Is w/(-70) + (-8479)/(-7) a composite number?
True
Let b(p) = p**3 - 3*p**2 + 2. Let y be b(3). Is ((-4)/6)/(y/(-93)) a composite number?
False
Let v(s) = -s**2 + 67. Let h = -1 - -1. Suppose -c + h*c = 0. Is v(c) a composite number?
False
Let z(h) = h**3 + 9*h**2 - 10*h + 8. Let d be z(-10). Let w be 111/(-4) - 2/d. Let i = -18 - w. Is i composite?
True
Let z(c) = -c**3 + 4*c**2 - 5*c + 1. Is z(-4) a prime number?
True
Suppose -a - 52 = -5*j - 186, 4*j + 2*a = -96. Let r be (-4)/14 - j/(-7). Let p(g) = 5*g**2 - g + 1. Is p(r) composite?
True
Suppose 0*c + 4*c = 32. Let t(h) = h + 1. Let z(r) = 30*r - 2. Let j(f) = -3*t(f) + z(f). Is j(c) composite?
False
Let d be (20/(-35))/(4/(-14)). Suppose 6*m - 1127 = 5*m - d*j, 1151 = m - 4*j. Is m a composite number?
True
Let p(k) be the first derivative of 8*k**3/3 + k**2 + 3*k + 2. Is p(6) a composite number?
True
Let k be 9 + -1 + -3 - 0. Suppose -k*p + 40 = -p. Is p composite?
True
Suppose -k + 4 = 3*k. Let y be (-1*(k + -2))/(-1). Is (0 - y)/1 + 21 composite?
True
Let z be (-195)/(-2)*(-16)/(-10). Suppose 5*j = -5*g + g + z, -12 = -3*j. Is g composite?
True
Let a(h) = 0 - 10*h + 2 - 9 - 8. Is a(-11) a composite number?
True
Let l(p) = -2*p + 3. Let t be l(-3). Suppose 6*k = t*k - 489. Is k prime?
True
Is 1 - (3 + 156/(-4)) a prime number?
True
Let f(j) be the first derivative of j**4/4 + 5*j**3/3 - 3*j**2/2 - 4*j + 4. Is f(-5) composite?
False
Suppose -3*w = -4*k + 6536, 3290 = 4*k + w - 3230. Is k prime?
False
Suppose 5*q + 6*q - 8041 = 0. Is q a composite number?
True
Suppose -5*j = -4*k - 3775, 5*k - 5086 = -4*j - 2066. Is j composite?
True
Let m = -154 - -344. Suppose 3*u - 1096 + m = 0. Is u a prime number?
False
Let t(b) = b**2 + 1. Let m be t(-1). Suppose -3*k = -5*w - 17, 4*w + m = k + 1. Is k a composite number?
True
Let v = -16 - -16. Suppose v = -3*d + 695 - 62. Is d prime?
True
Let f be ((-4)/(-5))/(10/(-25)). Let x(d) = 71*d**2 - 3*d - 3. Is x(f) composite?
True
Let t(q) = q**3 + 2*q**2 + 5*q + 3. Let y be t(4). Suppose -2*l = -4*u + 3*u - y, 5*u - 231 = -4*l. Is l a composite number?
False
Suppose -4*z + 30 - 6 = 0. Let s = z + -4. Is (-388)/(-44) + s/11 a composite number?
True
Let a(h) = 4*h**2 - h - 6. Is a(5) a composite number?
False
Suppose 5*n + 3*y = 192, 4*y - 154 = -4*n + 2*y. Suppose 0*b - n = -3*b. Is b a composite number?
False
Let z = -2508 - -4391. Is z prime?
False
Is -7 + 5 + 793*1 a composite number?
True
Suppose 133 - 934 = -3*d + 3*h, 271 = d - 3*h. Is d a composite number?
True
Let f(g) = 32*g + 2. Let w be f(3). Suppose -3*s - 21 = -o, -4*o + w = -2*s + 34. Is o a prime number?
False
Suppose 2*n + m = 3*n - 7, -11 = 3*n + 5*m. Suppose 2*s = -2*s + 20. Suppose 5*r - n*x - 24 = 100, s*x + 107 = 4*r. Is r prime?
True
Is (-6)/(-12)*(158 + 0) composite?
False
Let l = 13 + -6. Let h(s) = s**2 - 7*s - 3. Let a be h(l). Is ((-2)/a)/(4/66) composite?
False
Let q = -78 - 208. Let p = -171 - q. Is p a prime number?
False
Let v(a) be the third derivative of -11*a**4/8 + 4*a**2. Is v(-1) a prime number?
False
Let x(j) = 33*j - 2. Suppose -2*p - 14 = -4*m, -4*m = -0*p + p - 11. Let l = 2 - p. Is x(l) a composite number?
False
Is 341 - (0 - (-1 + -3)) prime?
True
Suppose 5*i - 2*q = 419, -10 + 1 = -3*q. Suppose -n = 3*z - 6 - 3, 5*z + i = 5*n. Is n composite?
True
Suppose 5*l = -8 - 12. Let h be 2*(0 + (-6)/l). Suppose t = -h*t + 24. Is t prime?
False
Let z = 7421 + -5208. Is z a composite number?
False
Suppose 375 = 5*a + 4*x, -3*a - 3*x + 225 = x. Suppose 281 = 5*c - 2*c + k, -5*k = c - a. Is c a prime number?
False
Let h = -65 + 240. Suppose 25 = -2*y + h. Suppose c - y = -5*a, 2*c - 3*a - 185 = 17. Is c composite?
True
Suppose 0 = o + 2*o + 18. Let f(j) = j**2 + 2*j - 5. Is f(o) a composite number?
False
Suppose 18 = 5*m + 3. Suppose -5*z + 3*v + 0*v = -427, 0 = m*z + 2*v - 241. Is z composite?
False
Suppose 3*r + 4*r - 24199 = 0. Is r composite?
False
Suppose -4*s - 39 = j, 0 = -4*s - 3*j - 32 - 5. Is (-2 - -57)*(-6)/s composite?
True
Let o = 14 - 6. Let p = -36 + o. Let s = -9 - p. Is s a prime number?
True
Let p be 0/(-1 - -1*3). Let x(u) = 3*u + 17. Let z(d) = 2*d + 8. Let q(h) = 3*x(h) - 5*z(h). Is q(p) a prime number?
True
Let w = 166 + -294. Let q = -63 - w. Is q a composite number?
True
Suppose -7 - 5 = -3*c. Suppose c*r + 5*v - 261 = 0, 2*r = r + v + 54. Is r composite?
False
Suppose -3*l - 15 = -6*l. Let j(x) = 3*x + 4. Is j(l) prim